 38 = 3*k - 5*z. What is the remainder when c is divided by k?
8
Let f(n) = -n**3 - 3*n**2 + 3*n + 6. What is the remainder when f(-4) is divided by -1*1*((2 - -5) + -11)?
2
Suppose 3*x = 2*x + 12. Suppose 77 = 3*g - 64. What is the remainder when g is divided by x?
11
Suppose 5*v + 27 = -3*u, v = -u + 3*v - 9. Let p be (-2)/(-1 - 3/u). Suppose n = -2*o + 43, 3*o = -p*n + o + 117. What is the remainder when n is divided by 10?
7
Suppose 0 = -4*q + 16, -o - 200 = -5*o - 3*q. Calculate the remainder when 117 is divided by o.
23
Let z(w) = -w**2 + 7*w - 5. Let o be z(5). Suppose 12 = 4*f - 2*y, -2*y + o = 1. What is the remainder when f/(-16) + (-818)/(-8) is divided by 21?
18
Let o = 1931 + -1913. Let y = 1 - -124. What is the remainder when y is divided by o?
17
Suppose 0 = 5*i + b - 30, 0 = -5*i - 0*i + 5*b + 60. What is the remainder when 62 is divided by i?
6
Let p(n) = 445*n**2 - 3*n + 6. What is the remainder when p(1) is divided by 75?
73
Let f(r) = -5*r - r + 1 - 1 + 2*r**2. What is the remainder when 57 is divided by f(5)?
17
Let m = -42384 + 42529. What is the remainder when m is divided by 494/10 - 4/10?
47
Let r = -5 + 13. Let t = 10419 - 10325. What is the remainder when t is divided by r?
6
Suppose -t + 31 = -0. Suppose 0 = 4*n, n - 40 = j - 2*j. Let v = t + j. What is the remainder when v is divided by 24?
23
Let n = 4703 - 4683. Calculate the remainder when -1 + -1 - (-41)/1 is divided by n.
19
Suppose 4*o - 4*n = 3*o + 14, -3*o = n - 3. Suppose 11 = 3*b - o*b. Let d = -5 + b. What is the remainder when 10 is divided by d?
4
Let t = -346 + 380. Calculate the remainder when 150 is divided by t.
14
Suppose -42 = -2*r - 2. Let m = -126 + 38. Let b = m - -94. What is the remainder when r is divided by b?
2
Suppose -4*v - 1468 = -5*w, -21*w + 1172 = -17*w - 4*v. Calculate the remainder when w is divided by 40.
16
Suppose 0 = -7*t + 8*t. Suppose t = -z - 2*z + 9. What is the remainder when 9 is divided by z?
0
Let q = 1251 - 1222. What is the remainder when q is divided by 3?
2
Let o = 12 - 9. Let x(u) = 6*u - o - u - u. What is the remainder when x(9) is divided by 12?
9
Suppose 2*a + 276 = 76. Let x = a - -174. Calculate the remainder when x is divided by 38.
36
Calculate the remainder when 653 is divided by (-4334)/(-33) + (20/(-15) - -1).
129
Let a = 2325 - 795. Suppose 10*q - 27*q = -a. What is the remainder when q is divided by 7?
6
Let r = 665 + -545. Calculate the remainder when r is divided by 46.
28
Let q(b) = 4*b - 10. Let d be q(4). Let p = 29 + d. Suppose 5*s + p = 135. What is the remainder when 57 is divided by s?
17
Let u = 58 + -38. Calculate the remainder when (-13)/((-156)/81)*16/3 is divided by u.
16
Let v be 18/8 + (-5)/20. Suppose t - v*s + 6 = 0, -s + 4 = 5*t - 10. Suppose 6*b - 56 = t*b. Calculate the remainder when b is divided by 8.
6
Let a = 261 + -211. What is the remainder when 245 is divided by a?
45
Suppose 4*y - 12 = -0. Let w(d) = -d**2 + 9*d + 11. Let t be w(10). Let k(i) = 4*i - 1. What is the remainder when y is divided by k(t)?
0
Suppose -2*r - 5*l = -132 + 2, r - 59 = -l. Calculate the remainder when r is divided by 23.
9
Suppose 0*w + 3358 = 23*w. Calculate the remainder when w is divided by 25.
21
Suppose -3*m = 6 - 15. Let k(a) = a**2 - a - 9. Calculate the remainder when k(-3) is divided by m.
0
Let t be 10/(-4)*(-3 - -9). Let w = t - -6. Let u = w - -25. What is the remainder when 62 is divided by u?
14
Let r(l) = l**2 + 7*l - 10. Let h = 499 - 298. Calculate the remainder when h is divided by r(-13).
65
Let j = 1158 - 949. What is the remainder when j is divided by 67?
8
Let l = 39 - -24. Suppose -o - 4*m = -2*o + 38, -5*m = 2*o - l. What is the remainder when 135 is divided by o?
33
Suppose -y = 2*y - 3*z - 9, 0 = -3*z. Suppose y*r - 4*f = 149, r - 240 = -3*r - 5*f. Calculate the remainder when r is divided by 29.
26
Suppose -z + 0*z = g - 43, -2*g = -2*z - 94. What is the remainder when 134 is divided by g?
44
Let d(c) = c**3 + 60*c**2 - 325*c + 4. Calculate the remainder when (-6)/(-2 + (-4)/(-3)) is divided by d(5).
1
Let i(u) = u**2 + 4*u - 4*u + u + 1. Let x be i(-2). Suppose -3*s + 75 = x*l, 0*l = -4*l + 16. Calculate the remainder when 40 is divided by s.
19
Let z = -382 + 402. What is the remainder when 297 is divided by z?
17
Let o = -18 - -37. What is the remainder when 170 is divided by o?
18
Suppose 11*w - 268 = 84. Suppose 0 = 2*p + 2*a - 250, 508 = 4*p - 4*a - 0*a. What is the remainder when p is divided by w?
30
Suppose -34 = 109*d - 110*d + 2*a, -4*d - a + 127 = 0. What is the remainder when 412 is divided by d?
28
Let w(y) = 13*y**2 - y - 28. Suppose -5*q + 30 = -0*q. Let d(m) = 7*m**2 - 14. Let x(p) = q*w(p) - 11*d(p). Calculate the remainder when x(-6) is divided by 12.
10
Let t(w) = w + 2. Let m be t(-1). Let z be (0 + 2)*m + 3. Suppose -u + 0*u = -z. Calculate the remainder when 18 is divided by u.
3
Let g be -1 - (0 - 2*-4). Let v = -58 + 98. Calculate the remainder when v is divided by (-7)/((-6)/g*(-3)/6).
19
Let f = 11 + 0. Let j = -56 + 99. What is the remainder when j is divided by f?
10
Let s(z) = -z**2 - 18*z + 147. Calculate the remainder when 175 is divided by s(-23).
15
Let s(c) = c**3 + 7*c**2 + c - 5. Let z be s(-6). Let y = z + 1. What is the remainder when 51 is divided by y?
25
Let x = -20 - -18. Let k be (-1)/((-124)/60 - x). Calculate the remainder when 24 is divided by ((-10)/k)/((-6)/117).
11
Let h = -43 - -73. What is the remainder when 14 is divided by ((-44)/(-12) + -5)/((-4)/h)?
4
Let q = 2 + 2. Suppose r - 25 = -q*r. Suppose -4*g - 3*p + 55 = 0, -2*g = -r*p - 21 - 0. What is the remainder when 22 is divided by g?
9
Suppose 3*n + k = 71, 2*n - 26 = k + 23. Let o(c) = 10*c - 14 + n + 17 - 11*c. Calculate the remainder when 25 is divided by o(18).
7
Let j = 532 + -465. Calculate the remainder when 191 is divided by j.
57
What is the remainder when ((-2094)/(-15))/((-2)/(-6 + -4)) is divided by 20?
18
Calculate the remainder when 556 is divided by (-13946)/(-152) - (-2)/(16/10).
91
Let a = -5 + 9. Let z be a*-4*(-4)/32. Suppose -4*w - z*o + 75 = -79, -5*w + 191 = 3*o. Calculate the remainder when w is divided by 14.
12
Suppose 17*d - 20 = 12*d. What is the remainder when (36/(-21))/((-6)/28) is divided by d?
0
Let y(p) be the third derivative of p**5/20 + 2*p**4/3 + 7*p**3/6 + 12*p**2. What is the remainder when y(-6) is divided by 9?
1
Suppose 0 = 2*j + 5*b - 2 - 7, 0 = b - 1. Suppose j*f - 21 = -2*a - 5, a - 5*f - 14 = 0. What is the remainder when 15 is divided by a?
6
Suppose 5*c = 3*z - 195, -5*z - 2*c + 347 = -3*c. What is the remainder when z is divided by 24?
22
Suppose -5*n + 480 = 7*n. Suppose y = 5*y - n. Calculate the remainder when y is divided by (-1)/(-2)*0 - -4.
2
Let s = -123 + 244. Suppose 0 = 5*y - s - 414. What is the remainder when y is divided by 22?
19
What is the remainder when (27/(-2))/(6/(-16)) is divided by ((-12)/(-7))/((-423)/(-4935))?
16
Suppose -25*p = -9*p - 832. What is the remainder when 127 is divided by p?
23
Let s be (-2*(0 + -2))/2. Let o(t) = 3*t**s - 5*t - 2*t + 5*t. Calculate the remainder when 14 is divided by o(2).
6
Let g be 54 + 3 + (-5 - -4). Suppose -4*c = 2*x - 10, -g = -4*x + 2*c + 2*c. Let a = -80 - -100. What is the remainder when a is divided by x?
9
Calculate the remainder when (16/(-8) - 4) + 614 is divided by 61.
59
What is the remainder when 379 is divided by (-9 - 21/(-7)) + 16?
9
Let o(a) = -5*a + 2. Let m(z) = 9*z**2 + z + 2. Let c be m(3). Suppose c = 8*s - 6*s. Calculate the remainder when s is divided by o(-4).
21
Let x(j) = j**3 - 6*j**2 + 7*j + 6. Suppose -293 = -4*h + v, 71 = 3*h - 2*h - v. Let w = h + -43. Calculate the remainder when w is divided by x(5).
15
Let h(m) = -m**3 - 6*m**2 + 8*m + 9. Let r be h(-7). Let b = r + 15. What is the remainder when 30 is divided by b?
13
Let l = 243 + -226. What is the remainder when 305 is divided by l?
16
Let u = -1113 - -1386. Calculate the remainder when u is divided by 96.
81
Suppose -112*i + 123*i = 1078. What is the remainder when 181 is divided by i?
83
What is the remainder when (4 - -1)/(40/368) is divided by 10?
6
Let z = 1319 - 1273. Let h(x) = -x**3 + 6*x**2 - x + 4. What is the remainder when z is divided by h(5)?
22
Let u(m) =